{"id":617,"date":"2023-06-27T15:55:19","date_gmt":"2023-06-27T15:55:19","guid":{"rendered":"http:\/\/pharealab.site\/?post_type=product&#038;p=617"},"modified":"2023-07-28T07:14:17","modified_gmt":"2023-07-28T06:14:17","slug":"aimedo-gift-pdf","status":"publish","type":"product","link":"https:\/\/sklep2.epruf.pl\/?product=aimedo-gift-pdf","title":{"rendered":"aimedo.gift pdf"},"content":{"rendered":"<div class=\"txtLong\">\n<p style=\"text-align: center;\">aimedo.gift to elektroniczny bon podarunkowy, kt\u00f3ry mo\u017cna wymieni\u0107 na wybrane bony towarowe w ramach bogatej oferty sklep\u00f3w i punkt\u00f3w wsp\u00f3\u0142pracuj\u0105cych.<br \/>\naimedo.gift to doskona\u0142y prezent dla Twojego Pracownika i Kontrahenta promuj\u0105cy dzia\u0142ania Sp\u00f3\u0142ek Pelion.<\/p>\n<p style=\"text-align: center;\">\n<\/div>\n<div class=\"regInfo printInvisible\" style=\"text-align: center;\">Przed wys\u0142aniem formularza zapoznaj si\u0119 uwa\u017cnie z\u00a0<a title=\"regulaminem\" href=\"https:\/\/sklep.epruf.pl\/Sklep_ePRUF_REGULAMIN_z_ZALACZNIKAMI_2015%20.pdf\" target=\"_blank\" rel=\"noopener\">regulaminem<\/a>\u00a0podarunkowych kart ePRUF.<\/div>\n<form id=\"add_to_cart\" action=\"https:\/\/sklep.epruf.pl\/karta\/?id=89#\" method=\"post\">\n<div>\n<div class=\"cardNominal\" style=\"text-align: center;\">\n<div id=\"add_new_nominal\">+<\/div>\n<p><span class=\"productValue\">Nomina\u0142: dowolny<br \/>\n<\/span><\/p>\n<\/div>\n<p style=\"text-align: center;\">Wydanie kart: 1,23\u00a0z\u0142 (1,00\u00a0z\u0142 + 23% VAT)<\/p>\n<\/div>\n<\/form>\n","protected":false},"excerpt":{"rendered":"<p>aimedo.gift to elektroniczny bon podarunkowy, kt\u00f3ry mo\u017cna wymieni\u0107 na wybrane bony towarowe w ramach bogatej oferty sklep\u00f3w i punkt\u00f3w wsp\u00f3\u0142pracuj\u0105cych. aimedo.gift to doskona\u0142y prezent dla Twojego Pracownika i Kontrahenta promuj\u0105cy dzia\u0142ania Sp\u00f3\u0142ek Pelion. Przed wys\u0142aniem formularza zapoznaj si\u0119 uwa\u017cnie z\u00a0regulaminem\u00a0podarunkowych kart ePRUF. + Nomina\u0142: dowolny Wydanie kart: 1,23\u00a0z\u0142 (1,00\u00a0z\u0142 + 23% VAT)<\/p>\n","protected":false},"featured_media":975,"comment_status":"open","ping_status":"closed","template":"","meta":[],"product_brand":[],"product_cat":[29],"product_tag":[],"class_list":{"0":"post-617","1":"product","2":"type-product","3":"status-publish","4":"has-post-thumbnail","6":"product_cat-aimedo","8":"first","9":"instock","10":"shipping-taxable","11":"purchasable","12":"product-type-simple"},"jetpack_sharing_enabled":true,"_links":{"self":[{"href":"https:\/\/sklep2.epruf.pl\/index.php?rest_route=\/wp\/v2\/product\/617","targetHints":{"allow":["GET"]}}],"collection":[{"href":"https:\/\/sklep2.epruf.pl\/index.php?rest_route=\/wp\/v2\/product"}],"about":[{"href":"https:\/\/sklep2.epruf.pl\/index.php?rest_route=\/wp\/v2\/types\/product"}],"replies":[{"embeddable":true,"href":"https:\/\/sklep2.epruf.pl\/index.php?rest_route=%2Fwp%2Fv2%2Fcomments&post=617"}],"version-history":[{"count":2,"href":"https:\/\/sklep2.epruf.pl\/index.php?rest_route=\/wp\/v2\/product\/617\/revisions"}],"predecessor-version":[{"id":1361,"href":"https:\/\/sklep2.epruf.pl\/index.php?rest_route=\/wp\/v2\/product\/617\/revisions\/1361"}],"wp:featuredmedia":[{"embeddable":true,"href":"https:\/\/sklep2.epruf.pl\/index.php?rest_route=\/wp\/v2\/media\/975"}],"wp:attachment":[{"href":"https:\/\/sklep2.epruf.pl\/index.php?rest_route=%2Fwp%2Fv2%2Fmedia&parent=617"}],"wp:term":[{"taxonomy":"product_brand","embeddable":true,"href":"https:\/\/sklep2.epruf.pl\/index.php?rest_route=%2Fwp%2Fv2%2Fproduct_brand&post=617"},{"taxonomy":"product_cat","embeddable":true,"href":"https:\/\/sklep2.epruf.pl\/index.php?rest_route=%2Fwp%2Fv2%2Fproduct_cat&post=617"},{"taxonomy":"product_tag","embeddable":true,"href":"https:\/\/sklep2.epruf.pl\/index.php?rest_route=%2Fwp%2Fv2%2Fproduct_tag&post=617"}],"curies":[{"name":"wp","href":"https:\/\/api.w.org\/{rel}","templated":true}]}}