{"id":608,"date":"2023-06-27T15:49:58","date_gmt":"2023-06-27T14:49:58","guid":{"rendered":"http:\/\/pharealab.site\/?post_type=product&#038;p=608"},"modified":"2023-07-28T07:11:49","modified_gmt":"2023-07-28T06:11:49","slug":"karta-razem-mozemy-wiecej-200zl","status":"publish","type":"product","link":"https:\/\/sklep2.epruf.pl\/?product=karta-razem-mozemy-wiecej-200zl","title":{"rendered":"Karta Razem Mo\u017cemy Wi\u0119cej 200z\u0142"},"content":{"rendered":"<div class=\"txtLong\">\n<p style=\"text-align: center;\">Karta upowa\u017cnia do bezgot\u00f3wkowego zakupu produkt\u00f3w dost\u0119pnych w aptece, z wy\u0142\u0105czeniem kosmetyk\u00f3w a\u017c do wyczerpania limitu \u015brodk\u00f3w okre\u015blonego przez nomina\u0142 karty. Wi\u0119cej o Projekcie RAZEM MO\u017bEMY WI\u0118CEJ na www.fundacja.doz.pl<\/p>\n<p style=\"text-align: center;\">\n<\/div>\n<div class=\"regInfo printInvisible\" style=\"text-align: center;\">Przed wys\u0142aniem formularza zapoznaj si\u0119 uwa\u017cnie z\u00a0<a title=\"regulaminem\" href=\"https:\/\/sklep.epruf.pl\/Sklep_ePRUF_REGULAMIN_z_ZALACZNIKAMI_2015%20.pdf\" target=\"_blank\" rel=\"noopener\">regulaminem<\/a>\u00a0podarunkowych kart ePRUF.<\/div>\n<form id=\"add_to_cart\" action=\"https:\/\/sklep.epruf.pl\/karta\/?id=82#\" method=\"post\">\n<div>\n<div class=\"cardNominal\" style=\"text-align: center;\"><span class=\"productValue\">Nomina\u0142:\u00a0<b>200 z\u0142<\/b><b><\/b><\/span><\/div>\n<p style=\"text-align: center;\">Wydanie kart: 0,00\u00a0z\u0142 (0,00\u00a0z\u0142 + 23% VAT)<\/p>\n<\/div>\n<\/form>\n","protected":false},"excerpt":{"rendered":"<p>Karta upowa\u017cnia do bezgot\u00f3wkowego zakupu produkt\u00f3w dost\u0119pnych w aptece, z wy\u0142\u0105czeniem kosmetyk\u00f3w a\u017c do wyczerpania limitu \u015brodk\u00f3w okre\u015blonego przez nomina\u0142 karty. Wi\u0119cej o Projekcie RAZEM MO\u017bEMY WI\u0118CEJ na www.fundacja.doz.pl Przed wys\u0142aniem formularza zapoznaj si\u0119 uwa\u017cnie z\u00a0regulaminem\u00a0podarunkowych kart ePRUF. Nomina\u0142:\u00a0200 z\u0142 Wydanie kart: 0,00\u00a0z\u0142 (0,00\u00a0z\u0142 + 23% VAT)<\/p>\n","protected":false},"featured_media":648,"comment_status":"open","ping_status":"closed","template":"","meta":[],"product_brand":[],"product_cat":[26],"product_tag":[],"class_list":{"0":"post-608","1":"product","2":"type-product","3":"status-publish","4":"has-post-thumbnail","6":"product_cat-doz","8":"first","9":"instock","10":"purchasable","11":"product-type-simple"},"jetpack_sharing_enabled":true,"_links":{"self":[{"href":"https:\/\/sklep2.epruf.pl\/index.php?rest_route=\/wp\/v2\/product\/608","targetHints":{"allow":["GET"]}}],"collection":[{"href":"https:\/\/sklep2.epruf.pl\/index.php?rest_route=\/wp\/v2\/product"}],"about":[{"href":"https:\/\/sklep2.epruf.pl\/index.php?rest_route=\/wp\/v2\/types\/product"}],"replies":[{"embeddable":true,"href":"https:\/\/sklep2.epruf.pl\/index.php?rest_route=%2Fwp%2Fv2%2Fcomments&post=608"}],"version-history":[{"count":2,"href":"https:\/\/sklep2.epruf.pl\/index.php?rest_route=\/wp\/v2\/product\/608\/revisions"}],"predecessor-version":[{"id":1357,"href":"https:\/\/sklep2.epruf.pl\/index.php?rest_route=\/wp\/v2\/product\/608\/revisions\/1357"}],"wp:featuredmedia":[{"embeddable":true,"href":"https:\/\/sklep2.epruf.pl\/index.php?rest_route=\/wp\/v2\/media\/648"}],"wp:attachment":[{"href":"https:\/\/sklep2.epruf.pl\/index.php?rest_route=%2Fwp%2Fv2%2Fmedia&parent=608"}],"wp:term":[{"taxonomy":"product_brand","embeddable":true,"href":"https:\/\/sklep2.epruf.pl\/index.php?rest_route=%2Fwp%2Fv2%2Fproduct_brand&post=608"},{"taxonomy":"product_cat","embeddable":true,"href":"https:\/\/sklep2.epruf.pl\/index.php?rest_route=%2Fwp%2Fv2%2Fproduct_cat&post=608"},{"taxonomy":"product_tag","embeddable":true,"href":"https:\/\/sklep2.epruf.pl\/index.php?rest_route=%2Fwp%2Fv2%2Fproduct_tag&post=608"}],"curies":[{"name":"wp","href":"https:\/\/api.w.org\/{rel}","templated":true}]}}