{"id":7,"date":"2023-06-27T08:55:18","date_gmt":"2023-06-27T07:55:18","guid":{"rendered":"http:\/\/pharealab.site\/cart\/"},"modified":"2023-08-30T12:51:28","modified_gmt":"2023-08-30T11:51:28","slug":"cart","status":"publish","type":"page","link":"https:\/\/sklep2.epruf.pl\/?page_id=7","title":{"rendered":"Koszyk"},"content":{"rendered":"\t\t<div data-elementor-type=\"wp-page\" data-elementor-id=\"7\" class=\"elementor elementor-7\">\n\t\t\t\t\t\t<section class=\"elementor-section elementor-top-section elementor-element elementor-element-7d8a164d elementor-section-boxed elementor-section-height-default elementor-section-height-default wpr-particle-no wpr-jarallax-no wpr-parallax-no wpr-sticky-section-no wpr-equal-height-no\" data-id=\"7d8a164d\" data-element_type=\"section\" data-e-type=\"section\">\n\t\t\t\t\t\t<div class=\"elementor-container elementor-column-gap-default\">\n\t\t\t\t\t<div class=\"elementor-column elementor-col-100 elementor-top-column elementor-element elementor-element-65c3199a\" data-id=\"65c3199a\" data-element_type=\"column\" data-e-type=\"column\">\n\t\t\t<div class=\"elementor-widget-wrap elementor-element-populated\">\n\t\t\t\t\t\t<div class=\"elementor-element elementor-element-c4d6387 animated-slow wl-product-image-show-block wl-product-image-show-tablet-block wl-product-image-show-mobile-block wl-product-name-show-yes wl-product-name-show-tablet-yes wl-product-name-show-mobile-yes wl-product-category-show-yes wl-product-category-show-tablet-yes wl-product-category-show-mobile-no wl-product-price-show-yes wl-product-price-show-tablet-yes wl-product-price-show-mobile-yes wl-product-quantity-show-yes wl-product-quantity-show-tablet-yes wl-product-quantity-show-mobile-yes wl-product-subtotal-show-yes wl-product-subtotal-show-tablet-yes wl-product-subtotal-show-mobile-yes wl-product-remove-show-yes wl-product-remove-show-tablet-yes wl-product-remove-show-mobile-yes elementor-invisible elementor-widget elementor-widget-cart-items\" data-id=\"c4d6387\" data-element_type=\"widget\" data-e-type=\"widget\" data-settings=\"{&quot;_animation&quot;:&quot;fadeIn&quot;}\" data-widget_type=\"cart-items.default\">\n\t\t\t\t<div class=\"elementor-widget-container\">\n\t\t\t\t\t<div class=\"woocommerce-notices-wrapper\"><\/div>\n\t\t<div class=\"wl-ci\">\n\t\t\t<div class=\"wl-ci-product-style\">\n\t\t\t\t<div class=\"cx-container\">\n\t\t\t\t\t<div class=\"cx-row\">\n\t\t\t\t\t\t<div class=\"cx-col-md-12 cx-col-sm-12\">\n\t\t\t\t\t\t\t<div class=\"woocommerce\">\n\t\t\t\t\t\t\t\t<form class=\"woocommerce-cart-form wl-ci-cart-form\" action=\"https:\/\/sklep2.epruf.pl\/?page_id=7\" method=\"post\">\n\t\t\t\t\t\t\t\t\t<div class=\"woocommerce-notices-wrapper\"><\/div><div class=\"wc-empty-cart-message\">\n\t<div class=\"cart-empty woocommerce-info\">\n\t\tTw\u00f3j koszyk aktualnie jest pusty.\t<\/div>\n<\/div><p style=\"text-align: center\"><strong>Czy Tw\u00f3j koszyk jest jeszcze pusty?<\/strong><\/p><p>\u00a0<\/p><p style=\"text-align: center\">Warto rozejrze\u0107 si\u0119 po polecanych produktach poni\u017cej, kt\u00f3re pomog\u0105 zadba\u0107 o zdrowie Twoje i Twoich bliskich. Je\u015bli wci\u0105\u017c nie jeste\u015b pewny, mo\u017cesz r\u00f3wnie\u017c wr\u00f3ci\u0107 na stron\u0119 sklepu i znale\u017a\u0107 co\u015b idealnego dla siebie. Dbaj o zdrowie i dobre samopoczucie \u2013 to inwestycja, kt\u00f3ra zawsze si\u0119 op\u0142aca.<\/p>\t\t\t\t\t\t\t\t<\/form>\n\t\t\t\t\t\t\t<\/div>\n\t\t\t\t\t\t<\/div>\n\n\t\t\t\t\t\t\t\t\t\t\t\n\n\t\t\t\t\t<\/div>\n\t\t\t\t<\/div>\n\t\t\t<\/div>\n\t\t<\/div>\n\t\t\t\t\t\t<\/div>\n\t\t\t\t<\/div>\n\t\t\t\t<div class=\"elementor-element elementor-element-69e0b59 elementor-widget elementor-widget-text-editor\" data-id=\"69e0b59\" data-element_type=\"widget\" data-e-type=\"widget\" data-widget_type=\"text-editor.default\">\n\t\t\t\t<div class=\"elementor-widget-container\">\n\t\t\t\t\t\t\t\t\t<p><strong>Wybierz polecane produkty\u00a0i daj sobie szans\u0119 na zdrowszy styl \u017cycia.<\/strong><\/p>\t\t\t\t\t\t\t\t<\/div>\n\t\t\t\t<\/div>\n\t\t\t\t<div class=\"elementor-element elementor-element-a4c5261 animated-slow elementor-invisible elementor-widget elementor-widget-etww-woo-products\" data-id=\"a4c5261\" data-element_type=\"widget\" data-e-type=\"widget\" data-settings=\"{&quot;_animation&quot;:&quot;fadeInLeft&quot;,&quot;_animation_delay&quot;:&quot;600&quot;}\" data-widget_type=\"etww-woo-products.default\">\n\t\t\t\t<div class=\"elementor-widget-container\">\n\t\t\t\t\t<div class=\"woocommerce columns-4\"><ul class=\"products columns-4\">\n<li class=\"product type-product post-610 status-publish first instock product_cat-doz has-post-thumbnail shipping-taxable purchasable product-type-simple\">\n\t<a href=\"https:\/\/sklep2.epruf.pl\/?product=karta-razem-mozemy-wiecej-500zl\" class=\"woocommerce-LoopProduct-link woocommerce-loop-product__link\"><div class=\"archive-img-wrap\"><img decoding=\"async\" width=\"280\" height=\"175\" src=\"https:\/\/sklep2.epruf.pl\/wp-content\/uploads\/2023\/06\/83-karta-1.jpg\" class=\"attachment-woocommerce_thumbnail size-woocommerce_thumbnail\" alt=\"Karta Razem Mo\u017cemy Wi\u0119cej 500z\u0142\" \/><\/div><h2 class=\"woocommerce-loop-product__title\">Karta Razem Mo\u017cemy Wi\u0119cej 500z\u0142<\/h2><div class=\"archive-product-categories\"><a href=\"https:\/\/sklep2.epruf.pl\/?product_cat=doz\" rel=\"tag\">DOZ Fundacja<\/a><\/div>\n\t<span class=\"price\"><span class=\"woocommerce-Price-amount amount\"><bdi>500,00&nbsp;<span class=\"woocommerce-Price-currencySymbol\">&#122;&#322;<\/span><\/bdi><\/span><\/span>\n<\/a><a href=\"\/index.php?rest_route=%2Fwp%2Fv2%2Fpages%2F7&#038;add-to-cart=610\" aria-describedby=\"woocommerce_loop_add_to_cart_link_describedby_610\" data-quantity=\"1\" class=\"button product_type_simple add_to_cart_button ajax_add_to_cart\" data-product_id=\"610\" data-product_sku=\"\" aria-label=\"Dodaj do koszyka: &bdquo;Karta Razem Mo\u017cemy Wi\u0119cej 500z\u0142&rdquo;\" rel=\"nofollow\" data-success_message=\"&ldquo;Karta Razem Mo\u017cemy Wi\u0119cej 500z\u0142&rdquo; zosta\u0142 dodany do twojego koszyka\">Dodaj do koszyka<\/a>\t<span id=\"woocommerce_loop_add_to_cart_link_describedby_610\" class=\"screen-reader-text\">\n\t\t\t<\/span>\n<\/li>\n<li class=\"product type-product post-14 status-publish instock product_cat-doz has-post-thumbnail purchasable product-type-simple\">\n\t<a href=\"https:\/\/sklep2.epruf.pl\/?product=karta-podaruj-zdrowie-100-zl\" class=\"woocommerce-LoopProduct-link woocommerce-loop-product__link\"><div class=\"archive-img-wrap\"><img decoding=\"async\" width=\"262\" height=\"167\" src=\"https:\/\/sklep2.epruf.pl\/wp-content\/uploads\/2023\/06\/46-karta-2-1-1.jpg\" class=\"attachment-woocommerce_thumbnail size-woocommerce_thumbnail\" alt=\"Karta Podaruj Zdrowie 100 z\u0142\" \/><\/div><h2 class=\"woocommerce-loop-product__title\">Karta Podaruj Zdrowie 100 z\u0142<\/h2><div class=\"archive-product-categories\"><a href=\"https:\/\/sklep2.epruf.pl\/?product_cat=doz\" rel=\"tag\">DOZ Fundacja<\/a><\/div>\n\t<span class=\"price\"><span class=\"woocommerce-Price-amount amount\"><bdi>100,00&nbsp;<span class=\"woocommerce-Price-currencySymbol\">&#122;&#322;<\/span><\/bdi><\/span><\/span>\n<\/a><a href=\"\/index.php?rest_route=%2Fwp%2Fv2%2Fpages%2F7&#038;add-to-cart=14\" aria-describedby=\"woocommerce_loop_add_to_cart_link_describedby_14\" data-quantity=\"1\" class=\"button product_type_simple add_to_cart_button ajax_add_to_cart\" data-product_id=\"14\" data-product_sku=\"123\" aria-label=\"Dodaj do koszyka: &bdquo;Karta Podaruj Zdrowie 100 z\u0142&rdquo;\" rel=\"nofollow\" data-success_message=\"&ldquo;Karta Podaruj Zdrowie 100 z\u0142&rdquo; zosta\u0142 dodany do twojego koszyka\">Dodaj do koszyka<\/a>\t<span id=\"woocommerce_loop_add_to_cart_link_describedby_14\" class=\"screen-reader-text\">\n\t\t\t<\/span>\n<\/li>\n<li class=\"product type-product post-617 status-publish instock product_cat-aimedo has-post-thumbnail shipping-taxable purchasable product-type-simple\">\n\t<a href=\"https:\/\/sklep2.epruf.pl\/?product=aimedo-gift-pdf\" class=\"woocommerce-LoopProduct-link woocommerce-loop-product__link\"><div class=\"archive-img-wrap\"><img decoding=\"async\" width=\"262\" height=\"167\" src=\"https:\/\/sklep2.epruf.pl\/wp-content\/uploads\/2023\/06\/86-karta-1-2.jpg\" class=\"attachment-woocommerce_thumbnail size-woocommerce_thumbnail\" alt=\"aimedo.gift pdf\" \/><\/div><h2 class=\"woocommerce-loop-product__title\">aimedo.gift pdf<\/h2><div class=\"archive-product-categories\"><a href=\"https:\/\/sklep2.epruf.pl\/?product_cat=aimedo\" rel=\"tag\">Aimedo<\/a><\/div>\n<\/a><a href=\"\/index.php?rest_route=%2Fwp%2Fv2%2Fpages%2F7&#038;add-to-cart=617\" aria-describedby=\"woocommerce_loop_add_to_cart_link_describedby_617\" data-quantity=\"1\" class=\"button product_type_simple add_to_cart_button ajax_add_to_cart\" data-product_id=\"617\" data-product_sku=\"\" aria-label=\"Dodaj do koszyka: &bdquo;aimedo.gift pdf&rdquo;\" rel=\"nofollow\" data-success_message=\"&ldquo;aimedo.gift pdf&rdquo; zosta\u0142 dodany do twojego koszyka\">Dodaj do koszyka<\/a>\t<span id=\"woocommerce_loop_add_to_cart_link_describedby_617\" class=\"screen-reader-text\">\n\t\t\t<\/span>\n<\/li>\n<li class=\"product type-product post-612 status-publish last instock product_cat-doz has-post-thumbnail purchasable product-type-simple\">\n\t<a href=\"https:\/\/sklep2.epruf.pl\/?product=karta-razem-mozemy-wiecej-1000zl\" class=\"woocommerce-LoopProduct-link woocommerce-loop-product__link\"><div class=\"archive-img-wrap\"><img loading=\"lazy\" decoding=\"async\" width=\"280\" height=\"175\" src=\"https:\/\/sklep2.epruf.pl\/wp-content\/uploads\/2023\/06\/84-karta-1.jpg\" class=\"attachment-woocommerce_thumbnail size-woocommerce_thumbnail\" alt=\"Karta Razem Mo\u017cemy Wi\u0119cej 1000z\u0142\" \/><\/div><h2 class=\"woocommerce-loop-product__title\">Karta Razem Mo\u017cemy Wi\u0119cej 1000z\u0142<\/h2><div class=\"archive-product-categories\"><a href=\"https:\/\/sklep2.epruf.pl\/?product_cat=doz\" rel=\"tag\">DOZ Fundacja<\/a><\/div>\n\t<span class=\"price\"><span class=\"woocommerce-Price-amount amount\"><bdi>1000,00&nbsp;<span class=\"woocommerce-Price-currencySymbol\">&#122;&#322;<\/span><\/bdi><\/span><\/span>\n<\/a><a href=\"\/index.php?rest_route=%2Fwp%2Fv2%2Fpages%2F7&#038;add-to-cart=612\" aria-describedby=\"woocommerce_loop_add_to_cart_link_describedby_612\" data-quantity=\"1\" class=\"button product_type_simple add_to_cart_button ajax_add_to_cart\" data-product_id=\"612\" data-product_sku=\"\" aria-label=\"Dodaj do koszyka: &bdquo;Karta Razem Mo\u017cemy Wi\u0119cej 1000z\u0142&rdquo;\" rel=\"nofollow\" data-success_message=\"&ldquo;Karta Razem Mo\u017cemy Wi\u0119cej 1000z\u0142&rdquo; zosta\u0142 dodany do twojego koszyka\">Dodaj do koszyka<\/a>\t<span id=\"woocommerce_loop_add_to_cart_link_describedby_612\" class=\"screen-reader-text\">\n\t\t\t<\/span>\n<\/li>\n<\/ul>\n<\/div>\t\t\t\t<\/div>\n\t\t\t\t<\/div>\n\t\t\t\t<div class=\"elementor-element elementor-element-8cb8142 elementor-align-right elementor-widget elementor-widget-button\" data-id=\"8cb8142\" data-element_type=\"widget\" data-e-type=\"widget\" data-widget_type=\"button.default\">\n\t\t\t\t<div class=\"elementor-widget-container\">\n\t\t\t\t\t\t\t\t\t<div class=\"elementor-button-wrapper\">\n\t\t\t\t\t<a class=\"elementor-button elementor-button-link elementor-size-sm elementor-animation-shrink\" href=\"\/shop\/\">\n\t\t\t\t\t\t<span class=\"elementor-button-content-wrapper\">\n\t\t\t\t\t\t<span class=\"elementor-button-icon\">\n\t\t\t\t<i aria-hidden=\"true\" class=\"far fa-arrow-alt-circle-left\"><\/i>\t\t\t<\/span>\n\t\t\t\t\t\t\t\t\t<span class=\"elementor-button-text\">Kontynuuj zakupy<\/span>\n\t\t\t\t\t<\/span>\n\t\t\t\t\t<\/a>\n\t\t\t\t<\/div>\n\t\t\t\t\t\t\t\t<\/div>\n\t\t\t\t<\/div>\n\t\t\t\t\t<\/div>\n\t\t<\/div>\n\t\t\t\t\t<\/div>\n\t\t<\/section>\n\t\t\t\t<\/div>\n\t\t","protected":false},"excerpt":{"rendered":"<p>Obraz Produkt Cena Ilo\u015b\u0107 Suma Karta Podaruj Zdrowie 100 z\u0142 Kategoria: DOZ Fundacja 100,00&nbsp;&#122;&#322; ilo\u015b\u0107 Karta Podaruj Zdrowie 100 z\u0142 300,00&nbsp;&#122;&#322; aimedo.gift pdf Kategoria: Aimedo 100,00&nbsp;&#122;&#322; ilo\u015b\u0107 aimedo.gift pdf 100,00&nbsp;&#122;&#322; Karta Razem Mo\u017cemy Wi\u0119cej 100z\u0142 Kategoria: DOZ Fundacja 100,00&nbsp;&#122;&#322; ilo\u015b\u0107 Karta Razem Mo\u017cemy Wi\u0119cej 100z\u0142 100,00&nbsp;&#122;&#322; Przejd\u017a dalej Wybierz polecane produkty\u00a0i daj sobie szans\u0119 na zdrowszy styl&hellip;<\/p>\n","protected":false},"author":1,"featured_media":0,"parent":0,"menu_order":0,"comment_status":"closed","ping_status":"closed","template":"","meta":{"footnotes":""},"class_list":["post-7","page","type-page","status-publish","hentry"],"jetpack_sharing_enabled":true,"_links":{"self":[{"href":"https:\/\/sklep2.epruf.pl\/index.php?rest_route=\/wp\/v2\/pages\/7","targetHints":{"allow":["GET"]}}],"collection":[{"href":"https:\/\/sklep2.epruf.pl\/index.php?rest_route=\/wp\/v2\/pages"}],"about":[{"href":"https:\/\/sklep2.epruf.pl\/index.php?rest_route=\/wp\/v2\/types\/page"}],"author":[{"embeddable":true,"href":"https:\/\/sklep2.epruf.pl\/index.php?rest_route=\/wp\/v2\/users\/1"}],"replies":[{"embeddable":true,"href":"https:\/\/sklep2.epruf.pl\/index.php?rest_route=%2Fwp%2Fv2%2Fcomments&post=7"}],"version-history":[{"count":365,"href":"https:\/\/sklep2.epruf.pl\/index.php?rest_route=\/wp\/v2\/pages\/7\/revisions"}],"predecessor-version":[{"id":2132,"href":"https:\/\/sklep2.epruf.pl\/index.php?rest_route=\/wp\/v2\/pages\/7\/revisions\/2132"}],"wp:attachment":[{"href":"https:\/\/sklep2.epruf.pl\/index.php?rest_route=%2Fwp%2Fv2%2Fmedia&parent=7"}],"curies":[{"name":"wp","href":"https:\/\/api.w.org\/{rel}","templated":true}]}}